 k(q) = l*h(q) - 5*u(q). What are the prime factors of k(-3)?
2, 7
Let o be -12*(-2)/(-12)*-3. Let k be (4/o)/(1/3). Suppose -v = 3*h - 40, -2*v - 18 = k*h - 3*h. What are the prime factors of h?
2, 7
Let v be 9/2 + 4/(-8). Suppose -12 = -5*c + 13, -v*c = 5*f - 40. What are the prime factors of ((-14)/f + -3)*-4?
2, 13
Let x(t) be the second derivative of t**4/6 - t**3/2 + t**2/2 - 6*t. What are the prime factors of x(-4)?
3, 5
Suppose 3*m - d - 3*d + 25 = 0, -3*d + 17 = -2*m. Let z = m + 4. What are the prime factors of (-130)/15*z/2?
13
Suppose -11695 + 48889 = 6*a. What are the prime factors of a?
6199
Let f be -19 - -8 - (-3 + 1). Let y = f - -6. Let m = y - -6. List the prime factors of m.
3
Let i(s) = -s**3 + 14*s**2 - 12*s + 4. Let c be i(13). Suppose -c*q + 18*q = 46. List the prime factors of q.
2, 23
Let t = -77 - -79. Suppose -3*b + 391 = -4*c, -31 = t*b - 2*c - 291. List the prime factors of b.
3, 43
Suppose -2*v + 48 = -46. Let z = v - -103. List the prime factors of z.
2, 3, 5
Let m(c) = c**2 + 13*c + 33. Let l be m(-11). Suppose -z - 60 = -5*x, l*x - 16*x + 80 = 3*z. List the prime factors of x.
13
Let g = 25 - -95. What are the prime factors of (((-70)/(-3))/1)/(80/g)?
5, 7
Suppose 4*n + n - 5*k = 0, -3*k - 8 = -5*n. Suppose -16 = n*j + 4*d, -3 = -j + d + 1. What are the prime factors of (j - (-8)/12)*33?
2, 11
Suppose 2*u + 3*p = 1974, -4*u + 4*p = -10*u + 5922. What are the prime factors of u?
3, 7, 47
Suppose -5*y + 53 = 18. Let z(p) = 3*p**2 + 6 + 0*p - p - 2*p**2 - y*p. What are the prime factors of z(9)?
3, 5
Let b = 27 - 17. Suppose 0 = -3*q - 4*t + 3*t - b, -4*q - t = 15. List the prime factors of (q - (4 + -6)) + 54.
3, 17
Suppose 3 = r + 3*u - 9, 2*r = 2*u - 8. Suppose -5*n + 3*q + 21 = r, n + q = 4*q + 9. Suppose 7*b - n*b = 260. What are the prime factors of b?
5, 13
Let b(j) = 15*j - 34. What are the prime factors of b(41)?
7, 83
Let i(r) = 47*r**3 + r - 2*r**3 + 0*r**2 - r**2. Let p be -4*2*(-3)/24. List the prime factors of i(p).
3, 5
Let h(p) = 25*p + 61. List the prime factors of h(8).
3, 29
Suppose -9*g - 5*g = -3962. What are the prime factors of g?
283
Let p(i) = 5*i**2 + 50*i - 25. What are the prime factors of p(-13)?
2, 5, 17
Suppose -3*f = 3*p - 1692, -73*f + 76*f - p - 1688 = 0. List the prime factors of f.
563
List the prime factors of ((-9140)/(-25))/(10/25).
2, 457
Let d = 12 + -3. Let x(k) = 4*k + 28. List the prime factors of x(d).
2
Let t = 124 - 214. Let u = 159 + t. What are the prime factors of u?
3, 23
Let b(t) = 280*t**2 + 2*t. Let y be b(-1). Suppose -3*h = -y + 71. List the prime factors of h.
3, 23
Suppose -r = -2*r, -4*l + 4*r = 0. Suppose l = v - 2. Suppose v*b = 4*b + 2*q - 42, 0 = -2*b - 5*q + 51. What are the prime factors of b?
2, 3
Let y = 7250 - 3638. What are the prime factors of y?
2, 3, 7, 43
Let l(v) = -19*v. Let p(c) = c**3 - 8*c**2 + 8*c - 4. Let b be p(7). Suppose 5*j - z = -b, -9 = -3*j + 2*j + 5*z. List the prime factors of l(j).
19
Let s(t) = 9*t**2 + 5*t - 10. Let n(g) = 4*g**2 + 3*g - 5. Let m(b) = 5*n(b) - 2*s(b). List the prime factors of m(4).
47
Let n = 33 + -41. List the prime factors of ((-4)/(-8) + -2)*n.
2, 3
List the prime factors of (59/(-2))/(8/(-112)).
7, 59
Let p be 3/(-9)*-17*9. Suppose -4*g - 141 - p = -4*a, 5 = -g. List the prime factors of a.
43
Suppose 2*r = -4*s + 3674 + 730, 0 = 4*r - 5*s - 8743. List the prime factors of r.
2, 137
Let k(p) = 2*p**2 + 26*p + 101. List the prime factors of k(-17).
3, 79
Let h = 53 - 41. Suppose 4*s + 72 + h = w, 5*w - 495 = -5*s. What are the prime factors of w?
2, 3
Suppose -188820 + 65268 = -48*c. What are the prime factors of c?
2, 3, 11, 13
Suppose 317 + 55 = 6*z. Suppose -6*g - z = -7*g. List the prime factors of g.
2, 31
Suppose 8*w + 94 = 1654. Let j = -107 + w. What are the prime factors of j?
2, 11
Suppose 0 = 4*r + 46 - 58. Suppose 303 = 5*i - r*t, 9*i + 2*t - 197 = 6*i. What are the prime factors of i?
3, 7
Suppose 3*u = -u. Suppose 5*p = -h - 5, 4 = -u*h + 2*h - 4*p. What are the prime factors of -1*((-3 - h) + -20)?
23
Let b be (1/(-2))/((-1)/2402). Suppose b = 8*v - 31. What are the prime factors of v?
2, 7, 11
Let p = -22 + 17. Let h be (p - 102) + 2 + 1. List the prime factors of (-3)/(3*2/h).
2, 13
Let a = 4 - -4. Let j = a - 2. List the prime factors of (-1 - 2)/(j/(-16)).
2
Let q = -2 + -16. What are the prime factors of (-12)/q - (187/3)/(-1)?
3, 7
Let l = 53 - 50. Suppose -k = 3*z - 40, l*k + z - 29 = 75. What are the prime factors of k?
2, 17
Let o = 4 + -1. Suppose o*a - 5*a = -2. Let c(u) = 19*u. What are the prime factors of c(a)?
19
Suppose -15 - 33 = -3*s. Let y = 27 - s. List the prime factors of y.
11
Suppose -2*d - 15 = -2*v + 15, 5*d = 3*v - 49. Let m be 24/(-36)*3*v. Let i = m + 57. List the prime factors of i.
31
Suppose 18*w = 15 - 177. Let g(u) = u**3 + 11*u**2 + 6*u - 17. List the prime factors of g(w).
7, 13
Suppose -4*k - 11*z = -15*z - 1180, 5*k - 3*z - 1485 = 0. List the prime factors of k.
2, 3, 5
Let t(f) = -3*f + 2. Let x be t(0). Suppose 155 = 2*k + x*k - 3*z, 20 = -4*z. List the prime factors of k.
5, 7
Let g(n) be the third derivative of -n**5/60 - n**4/4 + 2*n**3/3 + 2*n**2. Let s be g(-6). List the prime factors of 2/1 + s + 13.
19
Suppose 165*o - 59*o = 365594. What are the prime factors of o?
3449
Let u(f) = -f**2 + 13*f + 10. Let s be u(5). Suppose -8*v = -190 - s. What are the prime factors of v?
2, 3, 5
Let g be (-3)/2*24/(-9). Suppose -w - 186 = y - g*y, 4*w = -3*y + 171. List the prime factors of y.
61
List the prime factors of 419/((-110)/44 - (-34)/12).
3, 419
Let z(h) = h**3 + 14*h**2 - 7*h + 76. What are the prime factors of z(-11)?
2, 3, 43
Let m = -6 - -11. Suppose -m*h - 27 = -t, -3*t - 2*t - 10 = 4*h. Suppose t*b = 2*d + 82, 5*b - 205 = -3*d - 2*d. What are the prime factors of b?
41
Let r = 756 - -127. What are the prime factors of r?
883
What are the prime factors of (-609)/(-10 - (-154)/16)?
2, 7, 29
Let b be (-2)/(108/(-245) - (-14)/35). Let i = 79 + b. What are the prime factors of i?
2
Suppose -2*z = -3*l - 3*z + 12763, 0 = -4*l - 2*z + 17018. List the prime factors of l.
2, 3, 709
Suppose -71 - 95 = -2*r. Suppose 0*o - 63 = -3*j + 2*o, 0 = 5*j + 4*o - r. Let w = -1 + j. What are the prime factors of w?
2, 3
Let h be 2*(-3)/(-9)*3. Suppose -2*f + 553 = 6*l - l, 588 = h*f - 2*l. List the prime factors of f.
17
Let u be (-33 - -2) + -2 + 6. List the prime factors of 3/(1*u/(-6))*15.
2, 5
Suppose 5*s + 6*w - 4*w = 1258, -3*s + 2*w + 742 = 0. What are the prime factors of s?
2, 5
Let f(c) = c**2 - c. Let y(t) = 5*t**2 - 5*t + 1. Let w(v) = -4*f(v) + y(v). Let z be w(2). Let j = z + 12. What are the prime factors of j?
3, 5
Suppose 2*y + 5*k = -0*k + 1060, 5*k + 2120 = 4*y. What are the prime factors of y?
2, 5, 53
Let l = 115 + -68. Let q be (-1)/(-4) + 1/(-4). Suppose -3*b - 4*f = -l, b - 3*f + 6*f - 9 = q. What are the prime factors of b?
3, 7
Let y = 150 + -150. Suppose y = 38*d - 41*d + 681. What are the prime factors of d?
227
Let i(v) = 234*v**2 - 4*v + 3. What are the prime factors of i(2)?
7, 19
Suppose -7*k = -3*k + 120. Let t = k + 37. Suppose -t*h + 316 = 64. What are the prime factors of h?
2, 3
Let o(p) = 57*p**2 - 13*p - 14. What are the prime factors of o(-1)?
2, 7
Let v(h) = 49*h + 151. What are the prime factors of v(6)?
5, 89
Suppose -5*m + 3*c = 108 - 6083, 5*c = 0. List the prime factors of m.
5, 239
Let f(c) = -c**2 + 7*c + 10. Let z be f(-4). Let d = z - -97. List the prime factors of d.
3, 7
Let j(b) = -24*b - 6. Let t be (-6)/(-2*4/(-4)). Let n be j(t). Let x = -34 + n. List the prime factors of x.
2
Suppose 3*d - 4*v - 641 = 0, 31*d - 416 = 29*d - 3*v. What are the prime factors of d?
211
Suppose 2*i = -5*l + 1185, -5*i - 7*l + 1776 = -2*i. List the prime factors of i.
3, 5, 13
Suppose 4*z = 4*u, -z = -3*z - 2*u + 8. Let h be z/(-3)*(-9 + 3). Suppose -5*n = t - 11, h*t = -3*n + 5*n + 110. What are the prime factors of t?
2, 13
Let a = -35 - -34. List the prime factors of (-2 - (-2)/a) + 71.
67
Suppose -30*c + 12879 = -3*c. What are the prime factors of c?
3, 53
List the prime factors of 932*5/10*(-5)/(-10).
233
Suppose -18 = 9*s - 54. Suppose 0 = z + 2*i - 40, -4*z - s*i = -2*i - 130. List the prime factors of z.
2, 3, 5
Let